 highest common factor of 378 and 22003947?
189
What is the highest common factor of 25443 and 26037?
99
Calculate the greatest common divisor of 126 and 20543202.
18
Calculate the greatest common factor of 425128660 and 4840.
2420
What is the greatest common divisor of 9210020 and 955?
955
Calculate the greatest common divisor of 648 and 20869398.
18
Calculate the highest common factor of 636400 and 250.
50
What is the greatest common divisor of 317 and 435856297?
317
What is the highest common divisor of 18 and 11141667?
9
Calculate the highest common factor of 103376 and 74243351.
6461
What is the highest common factor of 3781460 and 22720?
1420
What is the greatest common factor of 122572291 and 1546?
773
Calculate the greatest common divisor of 45121235 and 4685.
4685
What is the greatest common factor of 7711482 and 48?
6
What is the greatest common divisor of 60459715 and 15?
5
Calculate the highest common factor of 18973680 and 2640.
2640
Calculate the greatest common factor of 2639 and 293187622.
2639
What is the greatest common divisor of 6688737 and 3168?
99
What is the highest common factor of 30 and 1516310?
10
Calculate the greatest common factor of 8296691 and 13.
13
Calculate the greatest common factor of 30 and 374947125.
15
What is the highest common divisor of 87908492 and 33884?
788
What is the highest common divisor of 158 and 8333078?
158
Calculate the greatest common factor of 367707 and 40413.
57
What is the highest common factor of 40721494 and 102?
34
What is the greatest common divisor of 44 and 1678149?
11
What is the greatest common divisor of 32545 and 737215?
1415
Calculate the highest common factor of 2108262 and 33013734.
11778
Calculate the greatest common divisor of 4076231 and 485.
97
What is the greatest common factor of 171162660 and 120?
60
What is the highest common divisor of 4403 and 28036519?
119
Calculate the greatest common factor of 125768 and 1314481.
79
What is the highest common factor of 6356681 and 2501?
41
What is the greatest common factor of 10916083 and 39797?
2341
What is the greatest common factor of 3864 and 1388856?
168
What is the greatest common factor of 12300 and 7627500?
300
Calculate the highest common factor of 3516 and 946391172.
3516
Calculate the greatest common divisor of 485295518 and 2.
2
What is the greatest common factor of 22256 and 26488813?
1391
Calculate the highest common factor of 10815 and 1882860.
105
Calculate the highest common divisor of 166258 and 346228.
1714
Calculate the highest common factor of 1306718 and 84.
14
What is the greatest common divisor of 4782 and 55664871?
2391
Calculate the highest common divisor of 1404200 and 9000.
200
Calculate the greatest common divisor of 31 and 378917743.
31
What is the greatest common divisor of 49140 and 552636?
756
What is the highest common factor of 3190 and 219396020?
290
What is the greatest common factor of 7383 and 65688?
69
Calculate the highest common factor of 325784908 and 25504.
3188
What is the greatest common factor of 9002884 and 2057?
121
What is the greatest common factor of 4126200 and 23010?
390
What is the highest common factor of 153354 and 756522?
366
What is the highest common factor of 48 and 174390896?
16
What is the greatest common factor of 151032 and 754261?
899
What is the highest common factor of 223470 and 58255?
955
Calculate the greatest common divisor of 29790 and 119720.
10
What is the highest common factor of 6750 and 324270?
270
What is the greatest common factor of 441256386 and 498?
498
What is the highest common divisor of 1745617 and 2167?
197
What is the greatest common divisor of 2453984 and 13600?
544
What is the highest common factor of 10307 and 1685663?
937
What is the highest common divisor of 72 and 3834594?
18
What is the greatest common divisor of 639615 and 735?
15
Calculate the greatest common factor of 213431 and 67681.
53
Calculate the highest common divisor of 97360 and 620.
20
What is the greatest common factor of 14 and 12079725?
7
Calculate the highest common divisor of 577611819 and 1161.
387
What is the highest common divisor of 301925 and 1800?
25
Calculate the greatest common factor of 2212691 and 26.
13
Calculate the greatest common factor of 7517196 and 11076.
852
What is the highest common factor of 61 and 64110?
1
What is the greatest common divisor of 5808481 and 320677?
427
Calculate the greatest common divisor of 423441 and 59751.
27
What is the greatest common divisor of 3168054 and 6570?
1314
What is the highest common divisor of 215040 and 4028220?
420
What is the greatest common factor of 22 and 1248041707?
11
Calculate the highest common factor of 2662803 and 3003.
429
What is the greatest common factor of 145806360 and 105?
105
Calculate the highest common divisor of 216491972 and 31.
31
What is the greatest common factor of 2941 and 35707027?
173
Calculate the highest common divisor of 7887 and 15487917.
717
What is the highest common divisor of 6889254 and 62?
62
Calculate the greatest common factor of 382 and 29632886.
382
What is the greatest common divisor of 1568223 and 55746?
1467
Calculate the highest common factor of 80 and 4830670.
10
What is the greatest common divisor of 68687715 and 75?
15
What is the greatest common divisor of 154470 and 5794905?
285
Calculate the greatest common factor of 283210 and 2428470.
2230
What is the greatest common divisor of 202818 and 4983?
33
Calculate the greatest common factor of 9830 and 1550.
10
Calculate the highest common factor of 1281460 and 38420.
340
Calculate the highest common factor of 21815364 and 24.
12
Calculate the greatest common factor of 2768684 and 11438.
86
Calculate the greatest common factor of 150 and 4210440.
30
What is the greatest common factor of 661 and 110203903?
661
What is the highest common factor of 21863359 and 98?
49
Calculate the highest common divisor of 3294 and 943548.
366
Calculate the greatest common divisor of 8979064 and 8.
8
What is the greatest common factor of 154657799 and 989?
43
What is the greatest common divisor of 30184 and 17263576?
88
What is the highest common factor of 35776 and 69923074?
1118
Calculate the highest common factor of 1764 and 27362118.
42
Calculate the greatest common divisor of 362232 and 1189552.
4472
Calculate the greatest common factor of 1146856 and 104.
8
What is the greatest common factor of 4585 and 63227805?
655
Calculate the highest common divisor of 845995111 and 6773.
6773
What is the greatest common factor of 207657975 and 2650?
1325
What is the greatest common factor of 11564 and 132244?
28
Calculate the greatest common factor of 35 and 1291969.
7
What is the highest common factor of 2635 and 7155079?
527
What is the greatest common factor of 1550 and 16685750?
1550
Calculate the greatest common divisor of 103418 and 291994.
166
Calculate the greatest common factor of 2 and 1808346.
2
What is the highest common factor of 12814640 and 60?
20
What is the greatest common factor of 500 and 5859625?
125
What is the greatest common divisor of 23689328 and 494?
26
What is the highest common divisor of 8206 and 104475808?
746
What is the greatest common factor of 817975 and 1225?
25
What is the greatest common factor of 155118 and 269242?
206
Calculate the greatest common factor of 102438 and 75033.
189
Calculate the greatest common divisor of 103 and 2025083.
103
Calculate the highest common divisor of 4012590 and 119475.
885
What is the greatest common divisor of 3826484 and 129?
43
Calculate the highest common divisor of 133 and 2902998.
7
Calculate the highest common factor of 513 and 3879873.
27
Calculate the highest common factor of 15305340 and 106.
106
Calculate the highest common factor of 37696 and 974144.
1984
What is the greatest common divisor of 23031 and 4112313?
2559
What is the greatest common divisor of 28210765 and 1771?
253
Calculate the greatest common divisor of 30118518 and 1845.
369
What is the highest common divisor of 47300 and 842050?
550
What is the highest common factor of 795 and 1200614300?
265
Calculate the greatest common divisor of 2026797 and 6141.
267
Calculate the greatest common factor of 7416 and 9457254.
1854
What is the greatest common factor of 2165778 and 870?
174
Calculat